{"id":4,"date":"2026-04-07T15:41:32","date_gmt":"2026-04-07T15:41:32","guid":{"rendered":"https:\/\/sindfesp.org.br\/?page_id=4"},"modified":"2026-04-08T13:06:51","modified_gmt":"2026-04-08T13:06:51","slug":"home","status":"publish","type":"page","link":"https:\/\/sindfesp.org.br\/","title":{"rendered":"Home"},"content":{"rendered":"\n<h2 class=\"wp-block-heading has-text-align-center has-large-font-size\"><strong>Comunicado de Manuten\u00e7\u00e3o<\/strong><\/h2>\n\n\n\n<p class=\"has-text-align-center has-medium-font-size\">Informamos que nosso site est\u00e1 passando por um per\u00edodo de manuten\u00e7\u00e3o para melhorias e atualiza\u00e7\u00f5es.<\/p>\n\n\n\n<p class=\"has-text-align-center has-medium-font-size\">Estamos atendendo atrav\u00e9s:<br>Endere\u00e7o: Avenida S\u00e3o Jo\u00e3o, 313 &#8211; 14 Andar &#8211; Centro &#8211; S\u00e3o Paulo &#8211; SP &#8211; 01035-905<br>Fixo: 11 3339-3121 \/ 0800 7712 444<br>Celular\/WhatsApp: 11 98759-0197 (Jur\u00eddico)<br>E-mail: juridico@sindfesp.org.br<br>Celular\/WhatsApp: 11 91938-5372 (Diretoria)<br>E-mail: sind@sindfesp.org.br<\/p>\n\n\n\n<p><\/p>\n","protected":false},"excerpt":{"rendered":"<p>Comunicado de Manuten\u00e7\u00e3o Informamos que nosso site est\u00e1 passando por um per\u00edodo de manuten\u00e7\u00e3o para melhorias e atualiza\u00e7\u00f5es. Estamos atendendo atrav\u00e9s:Endere\u00e7o: Avenida S\u00e3o Jo\u00e3o, 313 &#8211; 14 Andar &#8211; Centro &#8211; S\u00e3o Paulo &#8211; SP &#8211; 01035-905Fixo: 11 3339-3121 \/ 0800 7712 444Celular\/WhatsApp: 11 98759-0197 (Jur\u00eddico)E-mail: juridico@sindfesp.org.brCelular\/WhatsApp: 11 91938-5372 (Diretoria)E-mail: sind@sindfesp.org.br<\/p>\n","protected":false},"author":1,"featured_media":0,"parent":0,"menu_order":0,"comment_status":"closed","ping_status":"closed","template":"elementor_canvas","meta":{"footnotes":""},"class_list":["post-4","page","type-page","status-publish","hentry"],"_links":{"self":[{"href":"https:\/\/sindfesp.org.br\/index.php?rest_route=\/wp\/v2\/pages\/4","targetHints":{"allow":["GET"]}}],"collection":[{"href":"https:\/\/sindfesp.org.br\/index.php?rest_route=\/wp\/v2\/pages"}],"about":[{"href":"https:\/\/sindfesp.org.br\/index.php?rest_route=\/wp\/v2\/types\/page"}],"author":[{"embeddable":true,"href":"https:\/\/sindfesp.org.br\/index.php?rest_route=\/wp\/v2\/users\/1"}],"replies":[{"embeddable":true,"href":"https:\/\/sindfesp.org.br\/index.php?rest_route=%2Fwp%2Fv2%2Fcomments&post=4"}],"version-history":[{"count":7,"href":"https:\/\/sindfesp.org.br\/index.php?rest_route=\/wp\/v2\/pages\/4\/revisions"}],"predecessor-version":[{"id":20,"href":"https:\/\/sindfesp.org.br\/index.php?rest_route=\/wp\/v2\/pages\/4\/revisions\/20"}],"wp:attachment":[{"href":"https:\/\/sindfesp.org.br\/index.php?rest_route=%2Fwp%2Fv2%2Fmedia&parent=4"}],"curies":[{"name":"wp","href":"https:\/\/api.w.org\/{rel}","templated":true}]}}